the prime factors of 3658273?
1877, 1949
What are the prime factors of 11755004?
2, 173, 16987
What are the prime factors of 3576942?
2, 3, 198719
List the prime factors of 4322726.
2, 17, 127139
List the prime factors of 338788.
2, 84697
What are the prime factors of 8927305?
5, 421, 4241
List the prime factors of 485056.
2, 11, 13, 53
What are the prime factors of 1129812?
2, 3, 94151
What are the prime factors of 338496?
2, 3, 41, 43
What are the prime factors of 716674?
2, 7, 71, 103
What are the prime factors of 8366988?
2, 3, 7, 99607
What are the prime factors of 253901?
253901
What are the prime factors of 179510?
2, 5, 29, 619
What are the prime factors of 432940?
2, 5, 21647
List the prime factors of 654849.
3, 13, 29, 193
What are the prime factors of 2057854?
2, 797, 1291
List the prime factors of 2064518.
2, 1032259
List the prime factors of 263474.
2, 103, 1279
List the prime factors of 337640.
2, 5, 23, 367
What are the prime factors of 264368?
2, 13, 31, 41
List the prime factors of 10850533.
10850533
What are the prime factors of 246626?
2, 317, 389
List the prime factors of 19028493.
3, 11, 79, 811
List the prime factors of 3627887.
37, 71, 1381
List the prime factors of 3875784.
2, 3, 11, 53, 277
List the prime factors of 677763.
3, 75307
What are the prime factors of 30876768?
2, 3, 13, 2749
List the prime factors of 570364.
2, 142591
What are the prime factors of 14869155?
3, 5, 7, 23, 47, 131
List the prime factors of 2402397.
3, 266933
What are the prime factors of 212833?
331, 643
List the prime factors of 85241.
13, 79, 83
List the prime factors of 99601.
103, 967
What are the prime factors of 2303354?
2, 29, 151, 263
List the prime factors of 600917.
37, 109, 149
What are the prime factors of 11372398?
2, 101, 56299
List the prime factors of 2825787.
3, 941929
List the prime factors of 249742.
2, 193, 647
What are the prime factors of 47347?
113, 419
What are the prime factors of 189058?
2, 94529
What are the prime factors of 74155?
5, 14831
What are the prime factors of 2789305?
5, 557861
List the prime factors of 20902674.
2, 3, 13, 73, 3671
What are the prime factors of 2814349?
23, 122363
List the prime factors of 2096126.
2, 1048063
What are the prime factors of 271294?
2, 135647
What are the prime factors of 1277911?
1277911
What are the prime factors of 272467?
13, 20959
What are the prime factors of 29806?
2, 7, 2129
What are the prime factors of 337433?
17, 23, 863
What are the prime factors of 18954769?
67, 282907
What are the prime factors of 2364464?
2, 147779
List the prime factors of 7095657.
3, 1523, 1553
List the prime factors of 244289.
191, 1279
List the prime factors of 665315.
5, 7, 19009
What are the prime factors of 285465?
3, 5, 19031
What are the prime factors of 3450786?
2, 3, 575131
What are the prime factors of 16238163?
3, 5412721
List the prime factors of 13498.
2, 17, 397
What are the prime factors of 2858160?
2, 3, 5, 11909
List the prime factors of 1190453.
11, 108223
List the prime factors of 399912.
2, 3, 19, 877
List the prime factors of 104081.
29, 37, 97
What are the prime factors of 6146058?
2, 3, 727, 1409
What are the prime factors of 1966835?
5, 13, 30259
What are the prime factors of 164121?
3, 227, 241
What are the prime factors of 158384?
2, 19, 521
What are the prime factors of 152485?
5, 30497
List the prime factors of 800399.
800399
What are the prime factors of 206276?
2, 7, 53, 139
List the prime factors of 3428544.
2, 3, 7, 2551
List the prime factors of 9718320.
2, 3, 5, 40493
List the prime factors of 217591.
11, 131, 151
List the prime factors of 12892.
2, 11, 293
What are the prime factors of 5706314?
2, 2853157
List the prime factors of 265143.
3, 31, 2851
What are the prime factors of 500177?
500177
List the prime factors of 5368068.
2, 3, 149113
What are the prime factors of 7839804?
2, 3, 7, 67, 199
List the prime factors of 88839.
3, 9871
List the prime factors of 374988.
2, 3, 31249
What are the prime factors of 2123386?
2, 193, 5501
List the prime factors of 671342.
2, 7, 79, 607
What are the prime factors of 30236?
2, 7559
List the prime factors of 1014309.
3, 37567
List the prime factors of 60080.
2, 5, 751
What are the prime factors of 1076209?
41, 26249
List the prime factors of 387651.
3, 11, 17, 691
What are the prime factors of 25733?
25733
What are the prime factors of 608209?
7, 17, 19, 269
What are the prime factors of 63506?
2, 113, 281
List the prime factors of 14829542.
2, 7, 13, 17, 4793
List the prime factors of 206981.
263, 787
List the prime factors of 10303172.
2, 11, 23, 10181
List the prime factors of 11507900.
2, 5, 115079
What are the prime factors of 4150191?
3, 101, 13697
What are the prime factors of 771931?
31, 37, 673
List the prime factors of 10041396.
2, 3, 31, 26993
What are the prime factors of 2941984?
2, 89, 1033
What are the prime factors of 72243?
3, 23, 349
List the prime factors of 4117726.
2, 241, 8543
What are the prime factors of 14975915?
5, 251, 11933
What are the prime factors of 6469824?
2, 3, 31, 1087
List the prime factors of 188566.
2, 7, 13469
List the prime factors of 1749919.
19, 31, 2971
What are the prime factors of 203812?
2, 7, 29, 251
What are the prime factors of 118863?
3, 47, 281
List the prime factors of 399105.
3, 5, 7, 181
What are the prime factors of 1953806?
2, 31, 31513
List the prime factors of 16308819.
3, 1812091
What are the prime factors of 4214462?
2, 7, 461, 653
List the prime factors of 126188.
2, 31547
What are the prime factors of 382779?
3, 14177
What are the prime factors of 221164?
2, 55291
What are the prime factors of 2748046?
2, 7, 19, 10331
List the prime factors of 843280.
2, 5, 83, 127
List the prime factors of 4618610.
2, 5, 461861
What are the prime factors of 184379?
13, 1091
List the prime factors of 16443053.
11, 135893
What are the prime factors of 14618167?
14618167
What are the prime factors of 922549?
922549
List the prime factors of 620815.
5, 13, 9551
List the prime factors of 248882.
2, 107, 1163
What are the prime factors of 16099819?
31, 519349
What are the prime factors of 1156140?
2, 3, 5, 2141
List the prime factors of 6301389.
3, 2100463
What are the prime factors of 6789032?
2, 848629
What are the prime factors of 2969074?
2, 1484537
What are the prime factors of 3211687?
907, 3541
What are the prime factors of 382321?
37, 10333
List the prime factors of 52898.
2, 26449
List the prime factors of 91099.
91099
What are the prime factors of 304985?
5, 181, 337
What are the prime factors of 1754586?
2, 3, 107, 911
What are the prime factors of 50563?
59, 857
What are the prime factors of 361133?
19, 83, 229
What are the prime factors of 202246?
2, 11, 29, 317
List the prime factors of 276207.
3, 23, 4003
What are the prime factors of 574331?
353, 1627
What are the prime factors of 133467?
3, 17, 2617
List the prime factors of 253220.
2, 5, 11, 1151
List the prime factors of 681484.
2, 170371
What are the prime factors of 398775?
3, 5, 13, 409
List the prime factors of 187100.
2, 5, 1871
List the prime factors of 1836370.
2, 5, 183637
What are the prime factors of 3574765?
5, 31, 23063
List the prime factors of 392362.
2, 196181
List the prime factors of 518036.
2, 129509
List the prime factors of 946509.
3, 17, 67, 277
What are the prime factors of 6221357?
337, 18461
What are the prime factors of 531641?
11, 17, 2843
List the prime factors of 494267.
494267
List the prime factors of 431688.
2, 3, 17987
What are the prime factors of 3849777?
3, 41, 10433
List the prime factors of 589109.
589109
What are the prime factors of 2253800?
2, 5, 59, 191
What are the prime factors of 9950535?
3, 5, 7, 31, 1019
List the prime factors of 2901524.
2, 725381
List the prime factors of 326099.
326099
What are the prime factors of 138100?
2, 5, 1381
What are the prime factors of 185203?
167, 1109
List the prime factors of 1809981.
3, 83, 2423
What are the prime factors of 1184026?
2, 263, 2251
List the prime factors of 746142.
2, 3, 37, 3361
List the prime factors of 210525.
3, 5, 7, 401
What are the prime factors of 4777939?
4777939
List the prime factors of 835903.
769, 1087
List the prime factors of 1564731.
3, 7, 17, 487
What are the prime factors of 1466974?
2, 229,